 What is the remainder when k/12 - 192/(-9) is divided by i?
4
Suppose -702 = -8*z - z. Calculate the remainder when z is divided by 20.
18
Let o = -32 + 49. What is the remainder when 64 is divided by o?
13
Let a(b) = b + 4. Let j be a(-2). Suppose -w + j = g, g = 4*g + 12. Let p = w - 0. What is the remainder when p is divided by 4?
2
Suppose 0 = 4*u + 4*l - 208, 0 = -6*u + 3*u - 4*l + 155. Let o = u - 34. What is the remainder when o is divided by 10?
9
What is the remainder when 6/33 - ((-5342)/22 + 0) is divided by 41?
38
Let t = 37 - 10. Suppose -2*n - n + t = 0. What is the remainder when 15 is divided by n?
6
Let x be ((-2)/(-6))/(2/18). Let l = x - 1. Suppose 3*t = -l*t + 90. What is the remainder when 52 is divided by t?
16
Suppose q = -3*y + y + 59, 3*y = 3*q + 102. Let a = 3 - 1. Suppose t - a = 0, 42 = 2*k + 3*k + t. What is the remainder when y is divided by k?
7
Calculate the remainder when 8 is divided by (3*-2)/(-3)*2.
0
Suppose -l = -4 + 1. Suppose -l*h + 2*z = -77, h + h + 4*z = 46. Let a(y) = -13*y. Calculate the remainder when h is divided by a(-1).
12
Suppose 0 = 12*h - 5*h - 98. Calculate the remainder when 54 is divided by h.
12
Suppose 2*g - 2 = 4*g. Calculate the remainder when 41 + (4 - 1) + g is divided by 15.
13
Suppose 0 = -3*f + 2 + 4. Suppose l - 5*c + 126 = 4*l, 0 = -l - f*c + 43. What is the remainder when l is divided by 13?
11
Let j(w) = w**3 - 4*w**2 + 3*w + 4. Suppose -3*n + n = -8. What is the remainder when 31 is divided by j(n)?
15
Suppose 2*u - 2 = 34. What is the remainder when u is divided by 11?
7
Suppose 5*o - 2 = 2*t - 0, 2 = 3*t - 5*o. Calculate the remainder when -3 - -3 - (t + -31) is divided by 14.
13
Let b = -3 + 5. Suppose b*q = 7*q - 55. Calculate the remainder when 21 is divided by q.
10
Let f = -114 + 115. Calculate the remainder when f is divided by 1.
0
Suppose 5*t = 4*o + 42, -6*t + t = -2*o - 36. Calculate the remainder when t is divided by 6.
0
Suppose 3*w - 84 = -0*w. Calculate the remainder when w is divided by 10.
8
Suppose -4*w + 4*v = -28, -v - 29 + 12 = -3*w. Suppose a = 2*b - 4*a - 27, 0 = -w*a + 5. What is the remainder when b is divided by 6?
4
Let p(j) = -28*j + 1. Suppose -5*b - 4*n - 6 = 0, 2*b + 4*n + 4 = -2*b. Calculate the remainder when p(-1) is divided by 114/12 + (-1)/b.
9
Let h = 195 - 61. What is the remainder when h is divided by 27?
26
Suppose -k - 63 = 3*k + a, -2*a = 6. Let j(f) = f**3 + 14*f**2 - 18*f - 2. What is the remainder when j(k) is divided by 15?
13
Suppose 0 = -3*r + 2*l + 36, -2*l + 11 = 3*r - 25. Suppose -3*a + 2*a - 2*k + 55 = 0, -2*a - k + 98 = 0. Calculate the remainder when a is divided by r.
11
Suppose 4*b = -3*p + 5, -5*p = -3*b - 0*p + 11. Suppose b*l + 2 = 3*v, -3 = 2*l + 5. Let s = 0 - v. What is the remainder when s is divided by 1?
0
Suppose 0 = 3*v - 0*v - 60. What is the remainder when 79 is divided by v?
19
Let p(n) = -13*n. Let a(b) = 38*b + 1. Let j(z) = -2*a(z) - 7*p(z). What is the remainder when 22 is divided by j(1)?
9
Calculate the remainder when 18/27*4*3 is divided by 6.
2
Let j be 1/(-4) - (-2)/8. Suppose j = -z + 4, -3*y + 2*y - 2*z = -29. Calculate the remainder when 61 is divided by y.
19
Let o be 1/(2/1 - 3). Let a be (1/(-2))/(o/16). Suppose -5*g - 5*y - a = 7, 5*g - 35 = 5*y. What is the remainder when g is divided by 2?
0
Suppose 2*u - 15 = 3*d, u - 5 = d - 0. Let s = d - -7. Suppose c = -4*c - 10, 5*j = -5*c + 5. What is the remainder when j is divided by s?
1
Let l = 20 + -8. Suppose -3*j - 4*p + 110 = -8*p, -5*j + 172 = -p. What is the remainder when j is divided by l?
10
Suppose -8*h = -3*h - 95. Calculate the remainder when 55 is divided by h.
17
Let j(w) = 2*w - 4. Let d be j(6). Let q(l) = 4*l + 24. Let r(m) = 3*m + 23. Let y(h) = -4*q(h) + 5*r(h). Calculate the remainder when 21 is divided by y(d).
10
Suppose -s = -2*n + 5, 3*n + 0*s = -3*s + 3. Let r(u) = u**3 + 6*u**2 + 3*u - 1. Calculate the remainder when r(-5) is divided by n.
1
Let p = 11 + 83. Calculate the remainder when p is divided by 32.
30
Calculate the remainder when 16 is divided by 2/(-3*(-1)/15).
6
Suppose -15*h = -7*h - 160. What is the remainder when 57 is divided by h?
17
Let k(u) = 5*u. Let b be k(2). Suppose -b = 2*q, -3*l + 2*q - 4*q = -5. What is the remainder when 12 + (1 - -1) + -1 is divided by l?
3
Let f = 9 + -8. Let j(v) = 12*v**3 + 1. Calculate the remainder when 51 is divided by j(f).
12
Suppose 4*k = 2 + 2, -4*k = -4*a - 196. Let t = 69 + a. Calculate the remainder when t is divided by 8.
5
Let z be -228*(0 - (-9)/(-12)). Let l be 3/5 - z/(-15). What is the remainder when 4 is divided by (l/(-10))/((-10)/25)?
1
Let j(v) = v**3 - 2*v**2 - 2*v + 3. Let g be j(2). Let x = 12 + g. Suppose 2*t = -x + 55. What is the remainder when t is divided by 12?
10
Suppose -2*x - 3*x + 85 = 0. Let l = 12 + -3. Calculate the remainder when x is divided by l.
8
Let m(u) = -u**3 + 5*u**2 - 2*u + 3. Let a be m(5). Let i be (4/a)/(12/(-42)). Suppose i*f - 1 = 63. What is the remainder when f is divided by 17?
15
Suppose 3*q - q = 10. What is the remainder when 7 is divided by q?
2
Let m(i) = i**2 - 3. Suppose -2*x - 2*x = -16. Calculate the remainder when 1*75/(-6)*-2 is divided by m(x).
12
Let p(r) = r + 7. What is the remainder when 8 is divided by p(-2)?
3
Let g(i) = i**3 - i**2 + 2*i + 13. Calculate the remainder when g(3) is divided by 13.
11
Let w = -84 + 91. Calculate the remainder when w is divided by (4/6)/((-2)/(-15)).
2
Let q(p) be the third derivative of 0*p + 0 - 2*p**2 + 1/6*p**3 + 1/60*p**5 - 1/6*p**4. Calculate the remainder when 10 is divided by q(5).
4
Let p = -15 - -39. Suppose 0 = 4*n - p. What is the remainder when n is divided by 5?
1
Suppose -j + 3*j - 92 = 0. Let f = j + 13. What is the remainder when f is divided by 30?
29
Calculate the remainder when (-2 - (-42)/8)*4 is divided by 5 + -6 + 9*1.
5
Let w be (-39)/(-9) + 2/(-6). What is the remainder when 1632/21 - w/(-14) is divided by 20?
18
Suppose 4*f = 101 + 79. What is the remainder when f is divided by 16?
13
Suppose 0 = -4*x - x + 3*a + 70, 43 = 3*x - 2*a. Let w(m) = 38 - 4*m**2 - 6 + 5*m**2. What is the remainder when w(0) is divided by x?
10
Suppose -6*y + 5 + 121 = 0. Calculate the remainder when y is divided by 8.
5
Suppose 2 = -x + 4. Suppose x*z - 81 = -z. What is the remainder when z is divided by 14?
13
Suppose -4 + 14 = 5*y. Suppose -3*r + 7 = -2*f + 3*f, 21 = 5*f + r. What is the remainder when ((-19)/y)/((-2)/f) is divided by 10?
9
Calculate the remainder when 54 is divided by 7/(-3)*(3 + -9).
12
Suppose -2*p + 2 = 2*n + 4, 5*n + 37 = 3*p. Let q(f) = -4 + 7*f - 1 + 0*f. What is the remainder when q(p) is divided by 8?
7
Suppose 0 = -5*o + 10*o + 3*m, -25 = 5*m. Suppose 12 - o = a. Calculate the remainder when a is divided by 3.
0
Suppose 23 = 3*o - 2*o. Let y = -11 + o. What is the remainder when 33 is divided by y?
9
Let d be (-2)/(-5) - 86/(-10). Let s(o) = 0*o - 10 + 0*o + 6*o - 3*o. Calculate the remainder when 50 is divided by s(d).
16
Let w(o) = -o - 5. Let t be w(-8). Let b(v) = v**2 + 3*v - 4. What is the remainder when b(t) is divided by 4?
2
Suppose 4*z + 0 = 28. What is the remainder when 18 is divided by z?
4
Let v = 123 - 112. Suppose 4 = x + 1. Suppose -4*r - 24 = -3*d, x*d + 3*r + 0 = 3. What is the remainder when v is divided by d?
3
Let c(w) = -2*w + 70. Suppose -72 = -3*y - 0*y. Calculate the remainder when c(0) is divided by y.
22
Let x(u) = u**3 + 9*u**2 + 5*u. Let j be x(-6). Suppose -4*n - j = 578. Calculate the remainder when (-4)/(-14) - n/14 is divided by 7.
5
Suppose 0 = 7*o - 4*o - 15. Let m = o + 2. What is the remainder when 17 is divided by m?
3
Let y(l) = -4*l**3 - l**2 + 4*l + 3. Calculate the remainder when 90 is divided by y(-2).
21
Suppose -16 = -y - 3. Calculate the remainder when 23 is divided by y.
10
Suppose 0 = -n + 12 - 5. Suppose -30 = -2*y - 4. What is the remainder when y is divided by n?
6
Suppose -1 = 3*g - 91. What is the remainder when g is divided by 16?
14
Let r = 50 + -34. Suppose 25 = 2*q - 7. Suppose 2*d - q = 2. Calculate the remainder when r is divided by d.
7
Let d(p) = -p + 4. Let n be d(5). Let o(c) = -c**2 - 2*c - 1. Let j be o(n). Let g = 13 - j. Calculate the remainder when 25 is divided by g.